e the highest common divisor of b and 36.
9
Suppose 0 = -2*m + 63 + 1179. Suppose m = 6*q + 141. Calculate the greatest common factor of q and 20.
20
Suppose 3*l - 11 = -5*m, 6*l + 23 = 5*m + 5*l. Suppose 52 = 3*t - 3*i - 5, 52 = m*t + 4*i. What is the highest common divisor of 96 and t?
16
Let o(w) = -w**3 + 8*w**2 - 8*w + 26. Let n be o(7). What is the highest common divisor of n and 228?
19
Suppose 4*d - 51 - 433 = 0. Suppose -2*r - 5*m = -23, 4*m + 17 = 2*r + 7*m. Suppose 0 = -r*i - 2*i + 66. Calculate the highest common factor of d and i.
11
Let p = 466 - 218. Let d = -807 - -838. Calculate the greatest common factor of d and p.
31
Suppose 44*c = 40*c + 240. Suppose j = 2*j - 12. What is the highest common divisor of j and c?
12
Let y(g) = 2*g. Let f be y(-5). Let m = f + 16. Let r(p) = 17*p + 8. Let i be r(m). Calculate the greatest common factor of i and 10.
10
Let k be -1*5 - 13/(-52)*404. Suppose 2*b + 4 = 28. Calculate the highest common factor of b and k.
12
Let h be 3005 + (0/(-1))/2. Suppose 0 = -6*p + p + 5*y + h, 3*p - y = 1797. Suppose 5*o - 7 = p. What is the greatest common divisor of o and 11?
11
Suppose 2*z = 5*d + 74 - 677, 0 = -5*z - 20. Calculate the greatest common divisor of 35 and d.
7
Let h(f) = 11*f + 15. Let y(j) = 5*j. Let k be y(5). Let p be h(k). What is the greatest common factor of p and 116?
58
Let y(g) = 6*g + 24. Let z be y(36). Calculate the greatest common factor of 48 and z.
48
Let d = -15 - -15. Suppose d*v = v - g - 5, 0 = -5*v + 2*g + 13. Let b be v - (-3 - -6 - 5). Calculate the highest common factor of b and 6.
3
Suppose -11*z = -13*z - 5*a + 20, 0 = 4*z - a - 18. Calculate the highest common divisor of 35 and z.
5
Suppose -5*f - 5*d + 1285 = 0, -d - d - 1299 = -5*f. Let w be -2*74/8*2*-1. What is the highest common divisor of w and f?
37
Let z be 16/1 - 4/(-1). Suppose -z*o = -12*o - 272. What is the greatest common factor of o and 238?
34
Let z = -32 + 28. Let q(w) = -2*w**3 - 8*w**2 - 3*w + 8. Let v be q(z). What is the greatest common factor of v and 4?
4
Let k(f) = -f**3 + 21*f**2 - 21*f + 30. Let s be k(20). Calculate the greatest common divisor of s and 430.
10
Let o = 665 - -883. Calculate the greatest common factor of o and 36.
36
Let p be 1369 + 24/20*5. What is the greatest common factor of p and 250?
125
Suppose 3*m + 3 = 63. Suppose 2*l + 45 = 3*l. Suppose 4*y - l = 5*q, -2*q - 20 = -3*y - q. What is the highest common factor of y and m?
5
Let k(i) = -i**3 - 15*i**2 - 24*i - 34. Let u be k(-17). Calculate the highest common factor of 34 and u.
34
Let l be 1308/20 - (-51)/85. What is the greatest common divisor of l and 150?
6
Suppose a = 35 + 5. Let b = 48 - a. What is the highest common divisor of 80 and b?
8
Let t(y) = 51*y - 343. Let r be t(7). Calculate the highest common factor of r and 434.
14
Let l(c) = -c**3 - 11*c**2 + 23*c - 9. Let f be l(-13). What is the highest common factor of f and 110?
10
Suppose 4*u - 3*q - 827 = 0, 3*q - 543 = -3*u + 93. Calculate the greatest common divisor of 11 and u.
11
Suppose -5*o + 13 = -67. Suppose -59*w + 60*w - 287 = -2*u, -u + 2*w = -146. Calculate the greatest common divisor of u and o.
16
Let l = -781 - -789. Calculate the greatest common factor of l and 584.
8
Let m be ((-7)/(-7))/(-2*1/(-286)). Calculate the highest common factor of m and 22.
11
Let u(q) = q**3 + 16*q**2 + 15*q + 16. Let l be u(-12). Let d be 6/51 + l/(-34). Let x = 16 + d. What is the highest common divisor of x and 6?
2
Let p = 266 + -136. Calculate the greatest common divisor of 26 and p.
26
Suppose 3*a - 4*o - 65 = 0, -4*a + 50 = 5*o - 16. Calculate the highest common factor of 57 and a.
19
Let t be 180/50*(15/(-2))/(-3). Let w be (4 - -5)/((-3)/(-21)). What is the highest common factor of w and t?
9
Let x(c) = 0*c - 7 + 2*c - 3*c**2 + 4*c**2. Let s be x(-7). Let r(u) = -22*u + 92. Let p be r(4). What is the highest common factor of s and p?
4
Suppose 21*j - 132 = 17*j + 2*i, -i + 104 = 3*j. Calculate the greatest common factor of j and 221.
17
Let z(a) = -3*a - 1. Let n(i) = -i**2 + 12*i - 27. Let y be n(10). Let v be z(y). Calculate the highest common divisor of 120 and v.
20
Let u(a) = 3 - 7*a**2 + 6 + a**3 - 2*a + 8*a. Let s be u(7). Let d be 3*(-2)/(-9) - 931/(-57). What is the greatest common divisor of s and d?
17
Let h(r) = 8*r - 31. Let i be h(5). Let u be (1 - i*-1) + 0/3. Calculate the highest common factor of u and 20.
10
Suppose -4*r - 4 = -5*h, 4*r = 6*h - 4*h + 8. What is the highest common divisor of h and 64?
4
Let k(l) = 2*l**2 - 2*l - 99. Let n be k(9). Suppose 2*f = 3*r + 5 + 6, f - 19 = -3*r. What is the highest common factor of n and f?
5
Let p(h) = 4*h + 60. Let t be p(-15). Suppose 4*a + 1 - 9 = t. What is the highest common divisor of 1 and a?
1
Let l = -1729 + 3085. What is the highest common divisor of 24 and l?
12
Let f be 1 + -1 - ((-147)/7 - 1). Calculate the highest common factor of 209 and f.
11
Let w be (-28 - (6 - 17))/(-4 + 3). Calculate the greatest common factor of w and 1139.
17
Let p = -625 + 1975. Calculate the highest common factor of p and 25.
25
Let t be (0 + 3)/(-2*9/(-402)). What is the greatest common divisor of 871 and t?
67
Suppose -2*n + 18*u + 6 = 16*u, 5*n + 5*u = 55. What is the greatest common divisor of n and 91?
7
Suppose -5*v - 720 = -5*s - 0*v, -3*s + 4*v + 428 = 0. Let t be (s/37)/(4/150*3). Calculate the highest common factor of t and 75.
25
Let j = 143 + -110. Suppose s + 0*s - 15 = -l, -2*l = -3*s - 10. Calculate the greatest common divisor of j and l.
11
Let k be 5 + -4 + (0 - -3). Suppose -z = k - 16. What is the greatest common divisor of z and 16?
4
Let z = -160 - -240. Calculate the greatest common factor of z and 8.
8
Let t = 1550 - 981. Suppose t = b - 0*b. Suppose -b + 41 = -3*p. What is the highest common factor of p and 16?
16
Let v be (-9)/(1 - 3/(-6)). Suppose 0*x - 2 = -2*x, -b = 2*x - 5. Let t be b/(v/(-64)) - 2. Calculate the greatest common divisor of 10 and t.
10
Suppose 518 = -9*w - 31. Let b = -52 - w. Calculate the highest common divisor of 144 and b.
9
Let j be -7 - (-69 + 2 - (-65)/13). Calculate the highest common factor of 11 and j.
11
Suppose 2*d - 24 = -2*d. Let b be d/(-30) - 26/(-5). Suppose 2*x - 79 = -3*i, -3*x + 0*i - 3*i = -114. Calculate the greatest common divisor of x and b.
5
Let z be (11 - (-6)/(-3))/((-6)/(-54)). Calculate the highest common factor of z and 729.
81
Let y(t) = -11*t - t + 4*t + 5*t + 36. Let p be y(-6). Calculate the highest common factor of p and 36.
18
Let b(z) = -z**2 + 2*z + 3. Let c be b(-1). Suppose 2*j - 4*f - 62 = c, 89 + 29 = 4*j - 5*f. Calculate the greatest common factor of 36 and j.
9
Let f(o) = -o**3 + 28*o**2 + 94*o - 23. Let r be f(31). What is the greatest common factor of r and 376?
8
Suppose -5*o + 3*o = -82. Suppose 59 + o = 5*c. Calculate the greatest common factor of 40 and c.
20
Suppose -20 = -8*f - 2*f. Suppose 2*d - 34 = -2*r, -f*r - 23 = -3*r + 2*d. What is the highest common divisor of 133 and r?
19
Suppose 20 + 13 = -3*d. Let w = 1 - d. Suppose -15 = -4*z + 17. What is the greatest common factor of w and z?
4
Let m be (9010/119)/(3 - 20/7). Calculate the highest common factor of 20 and m.
10
Let w be (-54)/4*(-39)/((-312)/(-112)). Calculate the greatest common factor of 81 and w.
27
Suppose -98 = -q - b, -26*b - 428 = -4*q - 21*b. Let f(g) = g**3 + 4*g**2 - 7*g - 4. Let p be f(-5). Calculate the highest common factor of p and q.
6
Let a be (6358/(-1122))/(1 + 235/(-234)). What is the greatest common divisor of a and 78?
78
Let y = -35 + 57. Suppose -6*j = -2*o - 4*j + 118, -201 = -3*o - 5*j. Suppose 2*p - o = -y. Calculate the greatest common divisor of p and 180.
20
Let w be (-21)/5 - (-4)/20. Let b be 10/(-20) + (-10)/w. Suppose -a = -b*a + 2. What is the greatest common divisor of 14 and a?
2
Let i be ((-5)/(-10))/((-3)/162). Let k = i - -50. Calculate the greatest common divisor of 46 and k.
23
Suppose 5*y + 20 = 10*y. Suppose 2*a + y*a = 48. Calculate the greatest common factor of 56 and a.
8
Suppose 5*z = 5*x - 205 + 15, 0 = x + 5*z - 8. Calculate the highest common divisor of x and 363.
33
Suppose -3*f - 16 = -2*g, 0 = 4*f - 0*g + 5*g + 29. Let m be (9/f)/((-1)/8). Calculate the highest common factor of 6 and m.
6
L